he first derivative of q**2 - 2*q + 1. Let g be v(4). Suppose -g*y + 2*y = -52. Is y composite?
False
Let c(f) = 3*f**3 - 4*f**2 - 8*f + 1. Is c(8) composite?
False
Let d(q) = -q**2 + 5. Let a(h) = h**2 - h - 5. Let j(v) = 5*a(v) + 6*d(v). Is j(-4) a prime number?
False
Suppose b + 6 = -0*b. Let j be 32/10 - b/(-30). Let m(d) = 3*d**2 - 3*d + 3. Is m(j) prime?
False
Let g = 5 + -2. Is -195*((-10)/g + 3) a composite number?
True
Suppose 17*p + 631 = 18*p. Is p prime?
True
Let z = 56 - 37. Is z a composite number?
False
Let o = -4 + 6. Let u be 269 - -4*o/(-4). Suppose 2*x = -x + u. Is x a composite number?
False
Let z be (1 - 1) + 735 + 3. Is ((-4)/(-6))/(4/z) prime?
False
Let p = 2482 + -1216. Suppose -5*h - 333 = -3*s - p, -5*h = 0. Let n = s - -490. Is n a prime number?
True
Let b be (-8)/36 - (-155)/9. Is 1 + b + 4 + -1 composite?
True
Let f(d) be the third derivative of -35*d**4/12 + 5*d**3/6 + d**2. Let b be f(-8). Let z = b + -342. Is z composite?
False
Let j(x) = -2*x - 11. Let g be j(-9). Let c(m) be the second derivative of m**5/20 - 2*m**4/3 + 4*m**3/3 + 4*m**2 + m. Is c(g) a composite number?
True
Let o = 8 - 3. Suppose o*c - 474 = 3*c. Is c composite?
True
Let p(s) = -37*s**2 - s - 1. Let f be p(-1). Let o = -3 - f. Is o prime?
False
Let y be (-8)/(4 - 0)*6. Is 229/3 + y/(-18) a prime number?
False
Let a(b) = 4*b + 3*b**3 + 3 - 11*b**3 + 0*b. Is a(-2) a prime number?
True
Suppose -4*t - m = 3*m - 4, 3*t + m = -3. Let v be (0 + t)/(2/(-4)). Suppose 70 = v*f + f. Is f prime?
False
Suppose 3*u = -u + 348. Is u prime?
False
Suppose -127 = -2*z - 5*t, -2*z - 4*t = -z - 65. Let b = z - 6. Is b a composite number?
True
Let c = -15 - -23. Suppose c + 2 = 5*f. Suppose q - f*q = -22. Is q prime?
False
Let b be 28/4 - 3 - -185. Suppose 0 = -5*q + b - 4. Is q composite?
False
Let p be (-4)/6*15/2. Let a be p/10 + (-114)/(-4). Let d = 9 + a. Is d composite?
False
Let b = -8 + 5. Let a be (-37)/(-3) - b/(-9). Suppose 0 = 2*o - 2*y - a, 0*o - 4*y = -5*o + 30. Is o composite?
True
Let j(a) = -a**3 + 5*a**2 - 3*a. Let n be j(2). Suppose -475 = o - n*o. Is o a composite number?
True
Suppose -6*d - 41 = -113. Suppose 5 - 2 = w. Suppose w*a = 3*p + 39, 5*a + d = 3*p + 79. Is a composite?
True
Let r(a) = 69*a + 4. Suppose -3*n + 6 = 0, 3*n - 58 = 5*z + 4*n. Let g be (-38)/z - 9/54. Is r(g) composite?
False
Let d(b) = -b + 5. Let v be d(3). Suppose 4*s + 5 + v = 3*i, 0 = 5*s - 4*i + 10. Suppose s*t = t + 211. Is t a composite number?
False
Let s be (-6)/4*20/(-6). Suppose 6*g - 2*g + s = 3*c, -10 = -3*c - g. Is (-56)/(-3) - (-1)/c composite?
False
Suppose 10 = 5*k + 40. Is (-130)/k + (-2)/3 a prime number?
False
Let d(k) = k + 0*k + 19*k**2 - 8*k**2 + 6*k**2. Let p be d(1). Is (-4)/p - (-767)/9 prime?
False
Let l(v) be the second derivative of 7*v**5/20 + v**4/12 - v**3/6 - v**2/2 - 2*v. Let x be l(-1). Let t(i) = -27*i - 3. Is t(x) a composite number?
True
Suppose -574 = 3*b - 5*b + 3*i, -5*i + 1485 = 5*b. Is b prime?
True
Let o be (-2)/(-4) + 1/2. Let f(l) = 23*l**2 - l. Is f(o) a prime number?
False
Let h be (-1)/2 - (-18)/4. Suppose -h*t + 18 = -5*w - 8, -w = 5*t - 18. Suppose -4*d + 343 = -m, -5*d = -t*m - 222 - 215. Is d prime?
False
Suppose 0*p - p + t + 184 = 0, p + 4*t = 199. Is p a prime number?
False
Suppose 0 = 3*o + 4*p + 8, o - 3*p = 2*p + 10. Let v be (-1 - (-49 + o)) + 2. Let m = v + 17. Is m prime?
True
Let t be 2/7 - 12/42. Suppose t = p - 79 + 12. Is p prime?
True
Is (-6159)/(-12) - 3/(-4) a prime number?
False
Suppose 0 = 4*a + 5*q - 14, 0*a - q = -2*a. Let h be (7 - 5)*a*8. Suppose 5*x = -h + 141. Is x prime?
False
Let p be 164/12 + (-2)/3. Suppose 4*x = -2*j + 18, j = -3*x - j + p. Suppose x*k - 268 = k. Is k a prime number?
True
Let m(q) = 751*q**2 + q - 1. Is m(1) a prime number?
True
Let y be (4/6)/((-6)/(-45)). Suppose a + y = 42. Is a a prime number?
True
Let s = 27 + 7. Is s prime?
False
Is -2 - -6 - 44/(-2) a composite number?
True
Suppose c + 2 = 3. Is -1 + c - (-2 + 0) a composite number?
False
Let k = -37 + 236. Is k composite?
False
Let r = -69 - -112. Let w = r + 10. Is w a composite number?
False
Is -1 + 146*18/2 prime?
False
Let w(d) = -34*d**3 - 5*d**2 - 2*d + 4. Let y be w(-3). Suppose 2*f + 1182 = s + 287, y = s + f. Is s a prime number?
True
Let a = 2 + -10. Let y be 4*(-1 - 2/a). Let q(s) = s**2 - 2. Is q(y) a prime number?
True
Let c be 74*2*1/(-4). Let q = 71 + c. Is q a composite number?
True
Suppose 5*a + o = 2497, -5*a + 2047 = -5*o - 438. Is a composite?
False
Let a(r) be the first derivative of -r**7/840 - r**6/60 - r**5/20 + r**4/24 - 2*r**3/3 + 2. Let m(l) be the third derivative of a(l). Is m(-5) composite?
True
Let m(c) = -c**3 + 21*c**2 + 4*c - 5. Is m(19) a prime number?
False
Suppose 37 = -5*x + 302. Is x a composite number?
False
Let c be (2 + 1 - 2)*39. Suppose -3*x = -c - 60. Is x a composite number?
True
Suppose 963 = c + 74. Is c prime?
False
Let t = 509 + -360. Is t composite?
False
Let u(l) = 12*l**3 - 4*l**2 + 3*l - 1. Is u(2) composite?
True
Suppose k = 3*k - 30. Suppose 0*v = 3*v - k. Suppose 5*h - w - 79 = -4*w, 85 = v*h + 5*w. Is h composite?
True
Let d = -2 + -6. Let n = d - -11. Is n composite?
False
Let y be ((-633)/9)/(2/(-6)). Suppose -3*a + 6 + 3 = 0. Suppose 5*h - 1127 = -a*p, 2*h - 3*p - 223 - y = 0. Is h a prime number?
True
Let d be -2 + 5 + (0 - 1). Suppose -4 + d = -i. Suppose 36 = 4*g + 2*y - 62, -g + i*y = -27. Is g a composite number?
True
Let f = -8 - 0. Is -2*(500/f + 3) a composite number?
True
Let t = 934 - -2221. Suppose 0 = 2*z - 3*p - 1262, 2*z = -3*z + 5*p + t. Is z a composite number?
False
Let k = 6572 + -4027. Is k a prime number?
False
Suppose -2*c + 2*i = -44, -c - 5 = 5*i - 21. Is c prime?
False
Let g = 1838 - 1312. Is g composite?
True
Let c = 2 - 1. Suppose 0 = 2*x - 3 - c. Suppose u + n = -0*u + 24, -3*n + 46 = x*u. Is u prime?
False
Let u = 2576 - 919. Is u prime?
True
Let r(q) = 3 + 0 - 2 + 8*q + 22*q. Let t(l) = l**2 + l - 1. Let g be t(-2). Is r(g) a prime number?
True
Suppose f - 5 = -4*f. Suppose 2*y + y = -4*h + f, 2*y + 5 = 3*h. Is 5 - ((y - 2) + 1) prime?
True
Suppose -9*k = -7*k - 5142. Suppose -2*v = -5*w + 3*v + 3220, -4*w + 5*v = -k. Is w composite?
True
Suppose 0 = 4*a - 0*a - 124. Suppose -3*b = b + k - a, -2*k + 6 = 0. Is b a prime number?
True
Suppose 3*c + 768 = 3*f, -5*f - 3*c - 355 = -1595. Is f a prime number?
True
Let x = -212 + 403. Is x composite?
False
Let d be 13/(2/(0 + -14)). Let o = d - -47. Is o*(-2 + 3/4) a prime number?
False
Suppose 4*h - 1311 = h. Is h composite?
True
Let u be (-3)/(-9) + 1181/3. Is (-1)/4 + u/8 a prime number?
False
Let h(x) = 66*x - 6. Let l be h(4). Suppose l = 3*p - 81. Is p composite?
False
Let h = -1 + 1. Suppose -5*n + h*n = -60. Is n/(-30) + 104/10 composite?
True
Let g(o) = -o**3 + 14*o**2 - 11*o - 7. Is g(12) composite?
False
Suppose -315 + 85 = 5*w - 2*k, -46 = w - 4*k. Is -4*w*(-3)/(-24) composite?
False
Let i(h) be the third derivative of -3*h**4/8 - 7*h**3/6 - 2*h**2. Let r be (0 + 1)/(2/(-12)). Is i(r) prime?
True
Let y(a) = 17 + 2*a + 2*a - 6. Let v = 12 - 3. Is y(v) composite?
False
Suppose -2*v + 1 = -0*v - m, 4*v + 4*m = 20. Suppose -v*c + 93 = 15. Is c a composite number?
True
Let t = 1398 - -293. Is t prime?
False
Suppose 2*x - x = 3. Let t(b) = x*b - 4 - 3*b**3 - 3*b**2 + 2*b**3 + 0*b. Is t(-5) composite?
False
Let x(m) be the third derivative of m**8/20160 + m**7/1680 + 7*m**6/720 - m**5/60 + m**2. Let g(t) be the third derivative of x(t). Is g(-10) composite?
True
Let z = 5 - 3. Suppose 6 = 3*t - i + 1, z = -i. Is (-2)/(t - 42/39) a composite number?
True
Let z be (-8)/(-20) - (-22)/(-5). Suppose 17*t - 22*t = 100. Is (-772)/(-10) - z/t prime?
False
Suppose -677 = -4*p - 153. Is p a prime number?
True
Let i be 10/(1/(-1)*-1). Let x be ((-12)/(-10))/(3/i). Suppose 46 = x*n - 38. Is n a prime number?
False
Suppose -t + 0 = -1. Let g(c) = 22*c. Is g(t) composite?
True
Let v = 8 - 4. Let q = v - 1. Suppose 2*i - 2*d = 12 + 4, 2*i = -q*d + 11. Is i a composite number?
False
Suppose 16 = -4*z + 4. Is z/(-1) + 0 + 44 prime?
True
Is 1 + 81 - (2 + -5) prime?
False
Suppose -u = u. Suppose 2*s + 2*s + 544 = u. Let l = -81 - s. Is l prime?
False
Let z = 35 - 17. Suppose 2*n + 0 - z = 0. Su